ist the prime factors of 154.
2, 7, 11
List the prime factors of 107759.
197, 547
List the prime factors of 28042.
2, 7, 2003
What are the prime factors of 1342?
2, 11, 61
What are the prime factors of 1450?
2, 5, 29
What are the prime factors of 2193?
3, 17, 43
What are the prime factors of 20847?
3, 6949
What are the prime factors of 644?
2, 7, 23
List the prime factors of 1191.
3, 397
What are the prime factors of 88?
2, 11
List the prime factors of 62263.
19, 29, 113
List the prime factors of 14676.
2, 3, 1223
What are the prime factors of 1076?
2, 269
List the prime factors of 3093.
3, 1031
What are the prime factors of 27994?
2, 13997
List the prime factors of 808.
2, 101
What are the prime factors of 5747?
7, 821
List the prime factors of 6278.
2, 43, 73
What are the prime factors of 1922?
2, 31
List the prime factors of 15443.
15443
List the prime factors of 23309.
11, 13, 163
What are the prime factors of 960?
2, 3, 5
What are the prime factors of 76?
2, 19
What are the prime factors of 92052?
2, 3, 2557
List the prime factors of 2104.
2, 263
List the prime factors of 29834.
2, 7, 2131
What are the prime factors of 3653?
13, 281
What are the prime factors of 169998?
2, 3, 29, 977
List the prime factors of 111709.
13, 661
List the prime factors of 25266.
2, 3, 4211
List the prime factors of 10664.
2, 31, 43
List the prime factors of 21226.
2, 10613
What are the prime factors of 1024?
2
List the prime factors of 72105.
3, 5, 11, 19, 23
What are the prime factors of 7215?
3, 5, 13, 37
What are the prime factors of 288?
2, 3
List the prime factors of 43009.
41, 1049
What are the prime factors of 3261?
3, 1087
List the prime factors of 16255.
5, 3251
List the prime factors of 3307.
3307
What are the prime factors of 27931?
17, 31, 53
List the prime factors of 2261.
7, 17, 19
List the prime factors of 3817.
11, 347
List the prime factors of 3997.
7, 571
What are the prime factors of 24143?
7, 3449
What are the prime factors of 1477?
7, 211
What are the prime factors of 39531?
3, 13177
List the prime factors of 108.
2, 3
What are the prime factors of 3637?
3637
List the prime factors of 4356.
2, 3, 11
List the prime factors of 25914.
2, 3, 7, 617
What are the prime factors of 622?
2, 311
What are the prime factors of 19334?
2, 7, 1381
What are the prime factors of 27506?
2, 17, 809
List the prime factors of 35382.
2, 3, 5897
List the prime factors of 8247.
3, 2749
What are the prime factors of 31871?
7, 29, 157
List the prime factors of 9162.
2, 3, 509
What are the prime factors of 6683?
41, 163
What are the prime factors of 3236?
2, 809
List the prime factors of 54759.
3, 18253
What are the prime factors of 689?
13, 53
What are the prime factors of 17040?
2, 3, 5, 71
What are the prime factors of 10767?
3, 37, 97
What are the prime factors of 20240?
2, 5, 11, 23
List the prime factors of 3413.
3413
What are the prime factors of 7190?
2, 5, 719
List the prime factors of 938.
2, 7, 67
What are the prime factors of 119264?
2, 3727
What are the prime factors of 3768?
2, 3, 157
What are the prime factors of 8090?
2, 5, 809
What are the prime factors of 70531?
251, 281
What are the prime factors of 2337?
3, 19, 41
List the prime factors of 9077.
29, 313
What are the prime factors of 1259?
1259
List the prime factors of 2734.
2, 1367
What are the prime factors of 857?
857
What are the prime factors of 5928?
2, 3, 13, 19
What are the prime factors of 1045?
5, 11, 19
List the prime factors of 247.
13, 19
What are the prime factors of 4004?
2, 7, 11, 13
What are the prime factors of 1799?
7, 257
List the prime factors of 38037.
3, 31, 409
What are the prime factors of 1915?
5, 383
What are the prime factors of 1181?
1181
List the prime factors of 29868.
2, 3, 19, 131
What are the prime factors of 73911?
3, 71, 347
What are the prime factors of 659?
659
List the prime factors of 12662.
2, 13, 487
List the prime factors of 55483.
113, 491
List the prime factors of 1545.
3, 5, 103
What are the prime factors of 514?
2, 257
What are the prime factors of 1827?
3, 7, 29
What are the prime factors of 5938?
2, 2969
What are the prime factors of 9031?
11, 821
What are the prime factors of 3224?
2, 13, 31
List the prime factors of 9218.
2, 11, 419
What are the prime factors of 80857?
7, 11551
What are the prime factors of 111541?
71, 1571
List the prime factors of 11347.
7, 1621
What are the prime factors of 164545?
5, 32909
List the prime factors of 1124.
2, 281
What are the prime factors of 797?
797
List the prime factors of 1653.
3, 19, 29
List the prime factors of 135176.
2, 61, 277
What are the prime factors of 2269?
2269
What are the prime factors of 22601?
97, 233
What are the prime factors of 24047?
139, 173
List the prime factors of 3118.
2, 1559
List the prime factors of 347.
347
List the prime factors of 2711.
2711
What are the prime factors of 3480?
2, 3, 5, 29
What are the prime factors of 105871?
105871
List the prime factors of 13716.
2, 3, 127
List the prime factors of 1007.
19, 53
List the prime factors of 57615.
3, 5, 23, 167
What are the prime factors of 116761?
59, 1979
What are the prime factors of 21336?
2, 3, 7, 127
List the prime factors of 12892.
2, 11, 293
What are the prime factors of 27528?
2, 3, 31, 37
List the prime factors of 1112.
2, 139
What are the prime factors of 802?
2, 401
What are the prime factors of 20095?
5, 4019
List the prime factors of 8528.
2, 13, 41
List the prime factors of 55320.
2, 3, 5, 461
List the prime factors of 968.
2, 11
What are the prime factors of 9609?
3, 3203
What are the prime factors of 334?
2, 167
List the prime factors of 17829.
3, 7, 283
List the prime factors of 30508.
2, 29, 263
What are the prime factors of 1424?
2, 89
List the prime factors of 9086.
2, 7, 11, 59
List the prime factors of 7968.
2, 3, 83
List the prime factors of 1160.
2, 5, 29
What are the prime factors of 4216?
2, 17, 31
What are the prime factors of 5147?
5147
List the prime factors of 9578.
2, 4789
List the prime factors of 3086.
2, 1543
What are the prime factors of 7980?
2, 3, 5, 7, 19
List the prime factors of 1392.
2, 3, 29
What are the prime factors of 2025?
3, 5
What are the prime factors of 1716?
2, 3, 11, 13
List the prime factors of 6260.
2, 5, 313
List the prime factors of 49539.
3, 7, 337
List the prime factors of 54621.
3, 7, 17
List the prime factors of 7789.
7789
What are the prime factors of 20680?
2, 5, 11, 47
List the prime factors of 22288.
2, 7, 199
What are the prime factors of 840?
2, 3, 5, 7
List the prime factors of 3617.
3617
What are the prime factors of 8155?
5, 7, 233
List the prime factors of 2236.
2, 13, 43
What are the prime factors of 22?
2, 11
What are the prime factors of 7682?
2, 23, 167
List the prime factors of 691.
691
List the prime factors of 13968.
2, 3, 97
List the prime factors of 1346.
2, 673
What are the prime factors of 1405?
5, 281
List the prime factors of 4951.
4951
What are the prime factors of 370?
2, 5, 37
List the prime factors of 844.
2, 211
List the prime factors of 3565.
5, 23, 31
List the prime factors of 10146.
2, 3, 19, 89
What are the prime factors of 511?
7, 73
List the prime factors of 4769.
19, 251
List the prime factors of 7433.
7433
What are the prime factors of 1836?
2, 3, 17
List the prime factors of 51261.
3, 7, 2441
List the prime factors of 536.
2, 67
What are the prime factors of 49237?
53, 929
List the prime factors of 968.
2, 11
What are the prime factors of 7847?
7, 19, 59
What are the prime factors of 14829?
3, 4943
List the prime factors of 4363.
4363
What are the prime factors of 3201?
3, 11, 97
What are the prime factors of 3014?
2, 11, 137
What are the prime factors of 7718?
2, 17, 227
What are the prime factors of 13032?
2, 3, 181
List the prime factors of 8558.
2, 11, 389
List the prime factors of 30.
2, 3, 5
What are the prime factors of 201?
3, 67
List the prime factors of 2153.
2153
List the prime factors of 16059.
3, 53, 101
What are the prime factors of 3668?
2, 7, 131
List the prime factors of 1486.
2, 743
What are the prime factors of 15?
3, 5
What are the prime factors of 40481?
7, 5783
List the prime factors of 731.
17, 43
List the prime factors of 1983.
3, 661
List the prime factors of 18588.
2, 3, 1549
List the prime factors of 